f 2131861?
953, 2237
List the prime factors of 252885.
3, 5, 23, 733
What are the prime factors of 2306077?
331, 6967
List the prime factors of 1087934.
2, 543967
List the prime factors of 235629.
3, 2909
What are the prime factors of 1321403?
241, 5483
List the prime factors of 1795445.
5, 163, 2203
List the prime factors of 1792688.
2, 19, 5897
List the prime factors of 20626547.
20626547
What are the prime factors of 417752?
2, 79, 661
List the prime factors of 586312.
2, 83, 883
What are the prime factors of 1744167?
3, 281, 2069
List the prime factors of 334117.
7, 59, 809
List the prime factors of 3856524.
2, 3, 7, 31, 1481
List the prime factors of 3306162.
2, 3, 551027
List the prime factors of 1342095.
3, 5, 131, 683
What are the prime factors of 685462?
2, 37, 59, 157
List the prime factors of 4738885.
5, 19, 83, 601
List the prime factors of 315691.
315691
What are the prime factors of 4475097?
3, 11, 17, 2659
What are the prime factors of 47670?
2, 3, 5, 7, 227
List the prime factors of 15161982.
2, 3, 11, 229727
List the prime factors of 1125516.
2, 3, 7, 13399
What are the prime factors of 532464?
2, 3, 11093
What are the prime factors of 18380449?
18380449
List the prime factors of 790473.
3, 263491
List the prime factors of 8394432.
2, 3, 43721
List the prime factors of 809285.
5, 17, 9521
List the prime factors of 3338683.
29, 115127
What are the prime factors of 3944253?
3, 379, 3469
What are the prime factors of 3822846?
2, 3, 59, 10799
List the prime factors of 84492.
2, 3, 2347
List the prime factors of 13281701.
13281701
List the prime factors of 1368187.
1368187
List the prime factors of 13247585.
5, 13, 203809
List the prime factors of 4728011.
4728011
What are the prime factors of 3087122?
2, 97, 15913
List the prime factors of 1521578.
2, 47, 16187
What are the prime factors of 2597301?
3, 7, 41227
List the prime factors of 360282.
2, 3, 13, 31, 149
What are the prime factors of 82146?
2, 3, 13691
List the prime factors of 24676432.
2, 11, 140207
List the prime factors of 1359843.
3, 97, 4673
What are the prime factors of 1918728?
2, 3, 7, 47
List the prime factors of 116620.
2, 5, 7, 17
What are the prime factors of 14526578?
2, 11, 660299
What are the prime factors of 772177?
7, 110311
What are the prime factors of 458270?
2, 5, 45827
List the prime factors of 9302753.
9302753
What are the prime factors of 521655?
3, 5, 83, 419
List the prime factors of 278627.
278627
What are the prime factors of 321815?
5, 13, 4951
List the prime factors of 532821.
3, 97, 1831
What are the prime factors of 132675?
3, 5, 29, 61
List the prime factors of 3400219.
3400219
What are the prime factors of 5099448?
2, 3, 19, 53, 211
What are the prime factors of 624269?
181, 3449
What are the prime factors of 1730185?
5, 53, 6529
What are the prime factors of 762377?
7, 11, 9901
What are the prime factors of 6111098?
2, 7, 436507
List the prime factors of 7600533.
3, 193, 13127
What are the prime factors of 8308946?
2, 4154473
What are the prime factors of 2519042?
2, 827, 1523
What are the prime factors of 21753955?
5, 19, 228989
List the prime factors of 4026987.
3, 447443
List the prime factors of 3057.
3, 1019
What are the prime factors of 1337556?
2, 3, 11, 10133
List the prime factors of 4258536.
2, 3, 191, 929
What are the prime factors of 1924244?
2, 7, 19, 3617
What are the prime factors of 185911?
11, 16901
List the prime factors of 7027128.
2, 3, 32533
List the prime factors of 11652494.
2, 7, 118903
List the prime factors of 256867.
13, 19759
What are the prime factors of 10696799?
10696799
List the prime factors of 2734654.
2, 13, 17, 23, 269
What are the prime factors of 3957821?
7, 17, 79, 421
List the prime factors of 6576363.
3, 373, 653
List the prime factors of 1094731.
11, 23, 4327
What are the prime factors of 752982?
2, 3, 125497
List the prime factors of 1620365.
5, 324073
List the prime factors of 724528.
2, 7, 6469
What are the prime factors of 34859842?
2, 43, 405347
What are the prime factors of 13967271?
3, 1551919
List the prime factors of 2938691.
7, 53, 89
What are the prime factors of 643217?
643217
What are the prime factors of 2647394?
2, 89, 107, 139
List the prime factors of 3702033.
3, 411337
What are the prime factors of 320124?
2, 3, 7, 37, 103
What are the prime factors of 308021?
7, 79, 557
List the prime factors of 4537124.
2, 19, 59699
What are the prime factors of 277200?
2, 3, 5, 7, 11
List the prime factors of 22157748.
2, 3, 615493
What are the prime factors of 1340872?
2, 13, 12893
What are the prime factors of 88946?
2, 11, 13, 311
What are the prime factors of 2075180?
2, 5, 19, 43, 127
List the prime factors of 2306569.
2306569
List the prime factors of 7829703.
3, 7, 4603
What are the prime factors of 34442?
2, 17, 1013
List the prime factors of 411602.
2, 131, 1571
List the prime factors of 6315404.
2, 1578851
What are the prime factors of 87807?
3, 29269
What are the prime factors of 20334656?
2, 317729
List the prime factors of 1058836.
2, 31, 8539
What are the prime factors of 12295763?
2141, 5743
List the prime factors of 6383543.
599, 10657
List the prime factors of 2299.
11, 19
What are the prime factors of 1289895?
3, 5, 113, 761
List the prime factors of 31430018.
2, 15715009
What are the prime factors of 5828542?
2, 877, 3323
List the prime factors of 10987.
10987
What are the prime factors of 256865?
5, 7, 41, 179
List the prime factors of 127285.
5, 25457
List the prime factors of 11172.
2, 3, 7, 19
What are the prime factors of 2847674?
2, 313, 4549
What are the prime factors of 8979540?
2, 3, 5, 103, 1453
List the prime factors of 20958.
2, 3, 7, 499
List the prime factors of 19136170.
2, 5, 79, 24223
What are the prime factors of 26132569?
509, 51341
List the prime factors of 749240.
2, 5, 18731
What are the prime factors of 33566?
2, 13, 1291
What are the prime factors of 14563523?
13, 1120271
List the prime factors of 99839.
99839
What are the prime factors of 109887?
3, 36629
What are the prime factors of 3970659?
3, 7, 11, 17189
List the prime factors of 9678995.
5, 1935799
What are the prime factors of 10634274?
2, 3, 7, 4019
List the prime factors of 850651.
71, 11981
List the prime factors of 27419498.
2, 13709749
What are the prime factors of 3285742?
2, 131, 12541
What are the prime factors of 246995?
5, 7, 7057
What are the prime factors of 3346629?
3, 11, 13, 29, 269
List the prime factors of 1568918.
2, 13, 60343
List the prime factors of 997717.
7, 23, 6197
List the prime factors of 17221402.
2, 11, 782791
What are the prime factors of 119285?
5, 23857
What are the prime factors of 2497117?
7, 356731
What are the prime factors of 294575?
5, 11783
List the prime factors of 317159.
317159
List the prime factors of 11393660.
2, 5, 569683
List the prime factors of 62290.
2, 5, 6229
What are the prime factors of 818070?
2, 3, 5, 11, 37, 67
List the prime factors of 155904.
2, 3, 7, 29
List the prime factors of 2272524.
2, 3, 189377
What are the prime factors of 293711?
11, 26701
List the prime factors of 3372327.
3, 7, 2549
List the prime factors of 1216921.
41, 67, 443
What are the prime factors of 497525?
5, 7, 2843
What are the prime factors of 324866?
2, 127, 1279
List the prime factors of 207660.
2, 3, 5, 3461
What are the prime factors of 11392307?
73, 156059
List the prime factors of 8689407.
3, 47, 61627
List the prime factors of 792538.
2, 396269
List the prime factors of 44637.
3, 14879
List the prime factors of 61078.
2, 30539
List the prime factors of 307889.
151, 2039
List the prime factors of 203434.
2, 7, 11, 1321
What are the prime factors of 3556060?
2, 5, 17, 10459
List the prime factors of 474392.
2, 19, 3121
List the prime factors of 492939.
3, 18257
What are the prime factors of 324405?
3, 5, 89
What are the prime factors of 23441131?
7, 3348733
List the prime factors of 11367800.
2, 5, 113, 503
List the prime factors of 4403.
7, 17, 37
List the prime factors of 2367068.
2, 11, 23, 2339
List the prime factors of 1248607.
431, 2897
List the prime factors of 779284.
2, 11, 89, 199
What are the prime factors of 1327758?
2, 3, 19, 613
What are the prime factors of 782265?
3, 5, 11, 431
List the prime factors of 132264.
2, 3, 11, 167
What are t